{"id":705,"date":"2022-01-21T16:44:53","date_gmt":"2022-01-21T16:44:53","guid":{"rendered":"https:\/\/ayurveda-portugal.com\/?page_id=705"},"modified":"2026-03-01T12:02:46","modified_gmt":"2026-03-01T12:02:46","slug":"integrative-beratung-und-behandlung-fuer-kinder-jugendliche-und-erwachsene","status":"publish","type":"page","link":"https:\/\/ayurveda-portugal.com\/de\/integrative-beratung-und-behandlung-fuer-kinder-jugendliche-und-erwachsene\/","title":{"rendered":"Integrative Medizin: Sprechstunde und Behandlung f\u00fcr Kinder, Jugendliche und Erwachsene"},"content":{"rendered":"\n<div id=\"athemes-blocks-block-f37dfc69\" class=\"wp-block-athemes-athemes-blocks-block-container athemes-blocks-block athemes-blocks-block-f37dfc69 athemes-blocks-block-container alignfull\"><div class=\"athemes-blocks-block-container-wrapper athemes-blocks-block-container-bg-cover athemes-blocks-block-container-bg-effect-scroll\"><div class=\"athemes-blocks-block-container-wrapper-content\">\n<div class=\"wp-block-columns is-layout-flex wp-container-core-columns-is-layout-28f84493 wp-block-columns-is-layout-flex\">\n<div class=\"wp-block-column is-layout-flow wp-block-column-is-layout-flow\">\n<p class=\"has-larger-font-size\">Ich bin Arzt mit deutscher Approbation. Ich berate Kinder, Jugendliche und Erwachsene integrativ. Das bedeutet, dass ich bestehende schulmedizinische Diagnostik und Therapie einbeziehe und, wo angezeigt, durch geeignete alternativmedizinische oder naturheilkundliche Pr\u00e4parate oder Verfahren ersetze. Ziel ist es, die Selbstheilungskr\u00e4fte des K\u00f6rpers und die Kompetenz meiner Patienten zu st\u00e4rken. Im Rahmen dieser T\u00e4tigkeit kann ich privat\u00e4rztliche Rezepte ausstellen (die in Apotheken in Portugal und Deutschland eingel\u00f6st werden k\u00f6nnen) sowie Laboruntersuchungen veranlassen. Ich kann keine \u00dcberweisungen an portugiesische Spezialisten des SNS veranlassen.<\/p>\n\n\n\n<h5 class=\"wp-block-heading\" id=\"doch-zuvor\">Doch zuvor<\/h5>\n\n\n\n<p class=\"has-larger-font-size\">In jedem Fall ziehe ich es vor, ein kurzes kostenfreies Telefon-Interview mit Ihnen zu f\u00fchren. In dem Gespr\u00e4ch kl\u00e4ren wir, ob und wie ich Ihnen am besten helfen kann. Den Termin f\u00fcr das kurze (kostenfreie) Telefoninterview k\u00f6nnen Sie hier buchen:<\/p>\n\n\n\n<div class=\"wp-block-buttons is-layout-flex wp-block-buttons-is-layout-flex\">\n<div class=\"wp-block-button is-style-outline is-style-outline--1\"><a class=\"wp-block-button__link wp-element-button\" href=\"https:\/\/calendly.com\/dr_med_nassabi\/free_evaluation_call\" target=\"_blank\" rel=\"noreferrer noopener nofollow\">Unverbindliches und kostenfreies Telefongespr\u00e4ch reservieren<\/a><\/div>\n<\/div>\n\n\n\n<h6 class=\"wp-block-heading\" id=\"kosten\">Kosten?<\/h6>\n\n\n\n<p class=\"has-larger-font-size\">Die Kosten f\u00fcr meine Beratung und Therapie werden gem\u00e4\u00df der Geb\u00fchrenordung f\u00fcr \u00c4rzt (GO\u00c4) berechnet. Eine \u00dcbernahme des Honorars durch Ihre Private Versicherung kann ich nicht garantieren, ggf. erkundigen Sie sich vor Behandlungsbeginn bei Ihrer Versicherung.<\/p>\n\n\n\n<h6 class=\"wp-block-heading\" id=\"wo\">Wo?<\/h6>\n<\/div>\n<\/div>\n\n\n\n<div class=\"wp-block-athemes-athemes-blocks-block-google-maps athemes-blocks-block athemes-blocks-block-fc4815e7 athemes-blocks-block-google-maps\"><iframe src=\"https:\/\/www.google.com\/maps\/embed?pb=!1m18!1m12!1m3!1d3152.381693094495!2d-8.691625424771079!3d37.80452767197782!2m3!1f0!2f0!3f0!3m2!1i1024!2i768!4f13.1!3m3!1m2!1s0xd1ba5b7ce697d1f%3A0xe90b59903598dc43!2sAyurveda%20Monte%20da%20Bela%20Vista!5e0!3m2!1sde!2spt!4v1684261470068!5m2!1sde!2spt\" width=\"600\" height=\"450\" style=\"border:0;\" allowfullscreen=\"\" loading=\"lazy\" referrerpolicy=\"no-referrer-when-downgrade\"><\/iframe><\/div>\n<\/div><\/div><\/div>\n","protected":false},"excerpt":{"rendered":"","protected":false},"author":1,"featured_media":0,"parent":0,"menu_order":0,"comment_status":"closed","ping_status":"closed","template":"","meta":{"footnotes":""},"class_list":["post-705","page","type-page","status-publish","hentry"],"translation":{"provider":"WPGlobus","version":"3.0.2","language":"de","enabled_languages":["en","pt","de"],"languages":{"en":{"title":true,"content":true,"excerpt":false},"pt":{"title":false,"content":false,"excerpt":false},"de":{"title":true,"content":true,"excerpt":false}}},"_links":{"self":[{"href":"https:\/\/ayurveda-portugal.com\/de\/wp-json\/wp\/v2\/pages\/705","targetHints":{"allow":["GET"]}}],"collection":[{"href":"https:\/\/ayurveda-portugal.com\/de\/wp-json\/wp\/v2\/pages"}],"about":[{"href":"https:\/\/ayurveda-portugal.com\/de\/wp-json\/wp\/v2\/types\/page"}],"author":[{"embeddable":true,"href":"https:\/\/ayurveda-portugal.com\/de\/wp-json\/wp\/v2\/users\/1"}],"replies":[{"embeddable":true,"href":"https:\/\/ayurveda-portugal.com\/de\/wp-json\/wp\/v2\/comments?post=705"}],"version-history":[{"count":37,"href":"https:\/\/ayurveda-portugal.com\/de\/wp-json\/wp\/v2\/pages\/705\/revisions"}],"predecessor-version":[{"id":2998,"href":"https:\/\/ayurveda-portugal.com\/de\/wp-json\/wp\/v2\/pages\/705\/revisions\/2998"}],"wp:attachment":[{"href":"https:\/\/ayurveda-portugal.com\/de\/wp-json\/wp\/v2\/media?parent=705"}],"curies":[{"name":"wp","href":"https:\/\/api.w.org\/{rel}","templated":true}]}}

Integrative Medizin: Sprechstunde und Behandlung für Kinder, Jugendliche und Erwachsene

<div id="athemes-blocks-block-f37dfc69" class="wp-block-athemes-athemes-blocks-block-container athemes-blocks-block athemes-blocks-block-f37dfc69 athemes-blocks-block-container alignfull"><div class="athemes-blocks-block-container-wrapper athemes-blocks-block-container-bg-cover athemes-blocks-block-container-bg-effect-scroll"><div class="athemes-blocks-block-container-wrapper-content">
<div class="wp-block-columns is-layout-flex wp-container-core-columns-is-layout-28f84493 wp-block-columns-is-layout-flex">
<div class="wp-block-column is-layout-flow wp-block-column-is-layout-flow">
<p class="has-larger-font-size">Ich bin Arzt mit deutscher Approbation. Ich berate Kinder, Jugendliche und Erwachsene integrativ. Das bedeutet, dass ich bestehende schulmedizinische Diagnostik und Therapie einbeziehe und, wo angezeigt, durch geeignete alternativmedizinische oder naturheilkundliche Präparate oder Verfahren ersetze. Ziel ist es, die Selbstheilungskräfte des Körpers und die Kompetenz meiner Patienten zu stärken. Im Rahmen dieser Tätigkeit kann ich privatärztliche Rezepte ausstellen (die in Apotheken in Portugal und Deutschland eingelöst werden können) sowie Laboruntersuchungen veranlassen. Ich kann keine Überweisungen an portugiesische Spezialisten des SNS veranlassen.</p>



<h5 class="wp-block-heading" id="doch-zuvor">Doch zuvor</h5>



<p class="has-larger-font-size">In jedem Fall ziehe ich es vor, ein kurzes kostenfreies Telefon-Interview mit Ihnen zu führen. In dem Gespräch klären wir, ob und wie ich Ihnen am besten helfen kann. Den Termin für das kurze (kostenfreie) Telefoninterview können Sie hier buchen:</p>



<div class="wp-block-buttons is-layout-flex wp-block-buttons-is-layout-flex">
<div class="wp-block-button is-style-outline is-style-outline--1"><a class="wp-block-button__link wp-element-button" href="https://calendly.com/dr_med_nassabi/free_evaluation_call" target="_blank" rel="noreferrer noopener nofollow">Unverbindliches und kostenfreies Telefongespräch reservieren</a></div>
</div>



<h6 class="wp-block-heading" id="kosten">Kosten?</h6>



<p class="has-larger-font-size">Die Kosten für meine Beratung und Therapie werden gemäß der Gebührenordung für Ärzt (GOÄ) berechnet. Eine Übernahme des Honorars durch Ihre Private Versicherung kann ich nicht garantieren, ggf. erkundigen Sie sich vor Behandlungsbeginn bei Ihrer Versicherung.</p>



<h6 class="wp-block-heading" id="wo">Wo?</h6>
</div>
</div>



<div class="wp-block-athemes-athemes-blocks-block-google-maps athemes-blocks-block athemes-blocks-block-fc4815e7 athemes-blocks-block-google-maps"><iframe src="https://www.google.com/maps/embed?pb=!1m18!1m12!1m3!1d3152.381693094495!2d-8.691625424771079!3d37.80452767197782!2m3!1f0!2f0!3f0!3m2!1i1024!2i768!4f13.1!3m3!1m2!1s0xd1ba5b7ce697d1f%3A0xe90b59903598dc43!2sAyurveda%20Monte%20da%20Bela%20Vista!5e0!3m2!1sde!2spt!4v1684261470068!5m2!1sde!2spt" width="600" height="450" style="border:0;" allowfullscreen="" loading="lazy" referrerpolicy="no-referrer-when-downgrade"></iframe></div>
</div></div></div>
